What is the tens digit of (3 - -698)/(3 + 48/(-18))?
0
What is the units digit of (60/(-70))/(2/((-14)/1))?
6
Let o(k) = k**3 - 2*k**2 - 3*k - 10. Let l(y) = 2*y**3 - 5*y**2 - 7*y - 20. Let c(a) = -2*l(a) + 5*o(a). What is the units digit of c(3)?
4
Let v be (-746)/(-8) - (21/4 - 5). Suppose -j + 4*j = v. What is the units digit of j?
1
What is the hundreds digit of (2/6)/((-1)/(-4866))?
6
Suppose n = -4*v + 16, 2*v = 4*n - 0*n - 10. Let b(h) = -h**3 + 5*h**2 + 7*h - 9. Let o be b(6). Let p = n - o. What is the units digit of p?
7
Let n(x) = 2 + 6 + 47*x - 49*x. Let t be n(7). What is the units digit of ((-2)/t)/(2/54)?
9
Let u(p) = -18 + 11 + 2*p**3 - 5*p**2 - p + 8. Suppose -2 = v - 6. What is the units digit of u(v)?
5
Let i(b) = 31*b**3 + 2*b**2 - 9*b + 18. What is the tens digit of i(4)?
9
Let u(s) be the first derivative of -s**3/3 - 9*s**2/2 + 12*s - 2. Let g be u(-10). What is the units digit of ((-16)/10)/(g/(-30))?
4
Suppose 0 = -41*z + 11266 + 2633. What is the tens digit of z?
3
Let d be (74 - 0)/((-5)/(-10)). Let r = d + -57. What is the tens digit of r?
9
Suppose -3*u - 150 = 3*i, 2*i + 110 = -2*u - 2*u. What is the tens digit of 16/(-4) - (i - -3)?
3
Let s be (6 + -1)/(0 + 1). Suppose 0*m - s*m = -10. Suppose 2*v = v + m. What is the units digit of v?
2
Let j(r) = 20*r. Let k be j(1). Let b(h) = -2*h**2 + 9*h - 9. Let i be b(4). What is the units digit of -3 - i/(k/48)?
9
Let u = -183 - -768. What is the tens digit of u?
8
Let h(w) = 195*w - 87. What is the hundreds digit of h(14)?
6
What is the tens digit of (-34880)/(-180) - (64/36 - 2)?
9
Let d(r) = -14*r**3 - 6*r**2 - 10*r + 14. What is the tens digit of d(-5)?
6
Suppose -5*o + z = 16, 0 = o - 0*o - 4*z - 12. Let j be (-37)/(-6) + o/24. Let d(c) = c**2 - 4*c + 13. What is the units digit of d(j)?
5
Suppose 3*b = 4*s + 877, b - s - 121 - 170 = 0. What is the tens digit of b?
8
Let a(q) = -2112*q**3 + 2*q**2 + 5*q + 2. What is the tens digit of a(-1)?
1
Let f be 678/8 - 15/(-60). Suppose -2*z - 3 = t - f, -2*t + 2*z + 158 = 0. What is the units digit of t?
0
Let r(t) = t**2 - 6*t - 1. Let q be r(6). Let s(j) = -2*j - 2*j**2 + j + j**3 - j**2 + 6*j**2 - 2. What is the units digit of s(q)?
1
What is the tens digit of 8/(-14) - ((-8870)/14 + 5)?
2
Let g be (15/(-6) - -2) + 3/2. Suppose -2*y + g = -3*m, m - y = 6*m - 20. What is the units digit of m?
3
Let f(l) = l**2 + 46*l - 1. What is the tens digit of f(16)?
9
Let q = -158 - -326. What is the tens digit of q?
6
Suppose -3*g + 4 = 2*c + 7, 6 = -c + 3*g. Let n be (3 - -30)/c + -3. What is the units digit of (-3)/(-15) - n/5?
3
Suppose 0 = 3*b - 2*n - 3947, 5*b + 5*n - 5126 = 1494. What is the tens digit of b?
1
Let f(g) = -316*g - 72. What is the tens digit of f(-9)?
7
Let s = 961 + -608. What is the tens digit of s?
5
Let s = 531 - -148. What is the tens digit of s?
7
Let f(a) = 31*a + 327. What is the tens digit of f(23)?
4
Let j = -4 - -6. Let t(y) = 0*y**2 + 7 - 9 + 8*y**2 - 2*y + 2 - 2. What is the tens digit of t(j)?
2
Let m = 18 + -20. Let z(a) = a**3 + 7*a**2 + 6*a + 3. Let l(x) = -5*x**3 - 35*x**2 - 29*x - 15. Let j(t) = m*l(t) - 11*z(t). What is the units digit of j(-6)?
9
Suppose 7*c - 3*c = 3*j - 342, -5*j + 3*c + 581 = 0. Let v = j - 33. What is the tens digit of v?
8
Let v(k) = k**2 + 9*k + 12. Let j be v(-8). Let g = j + -4. Suppose 2*x + 1 - 9 = -5*w, -w = g. What is the units digit of x?
4
What is the thousands digit of 126/(-84)*2132/(-3)?
1
Let n = 4848 + -3096. What is the tens digit of n?
5
Suppose -2*j = -5*w - 50, j + 7*w + 1 = 3*w. Let t be (10 + -1)/(3/3). Suppose -f + j = -t. What is the units digit of f?
4
Let c(s) = s - 6. Let k be c(6). Suppose 3*n + 0 - 9 = k. What is the units digit of (-968)/(-16) - n/2?
9
Suppose 4 = n - 5*m - 15, -m + 13 = -3*n. Let a = 25 + n. What is the tens digit of a?
1
Suppose 196 = -4*b + 80. Let d = b + 61. What is the tens digit of d?
3
Let s = -2151 - -3200. What is the thousands digit of s?
1
Let r be (-74)/(-14) - 3 - (-4)/(-14). Suppose -r*a + 3*a = 2*d + 139, 5*d = -5*a + 650. What is the tens digit of a?
3
Suppose -4*q + 7*g + 655 = 4*g, 5*g + 5 = 0. Let r = q - 63. What is the tens digit of r?
0
Let i = 40 + -34. What is the units digit of (0 + -15)*(-13 + i)?
5
Let r(g) = -g**2 - 9*g - 5. Let j be r(-8). Suppose -j*y = 19 - 73. Let n = -13 + y. What is the units digit of n?
5
Suppose -2*l + 2*b = -2992, 0 = 4*l - 2*b - 5156 - 828. What is the hundreds digit of l?
4
Suppose -4*z + 6 + 34 = 0. What is the units digit of z?
0
Let c(g) be the third derivative of g**5/30 + 7*g**4/24 - g**3 + 6*g**2. Let v be c(-6). What is the tens digit of 4/(v/81)*2?
2
Suppose 2*j - 64 = 152. Let f = j - 43. What is the tens digit of f?
6
Let n be 10/5 + -5 + 209. Let s = 304 - n. What is the tens digit of s?
9
Suppose 910 = -3*x + 3*v + 2800, -4*x = 4*v - 2552. What is the tens digit of x?
3
Let m be (30/8)/5 - 231/(-12). Let z(v) = v**2 - 14*v + 16. What is the tens digit of z(m)?
3
What is the hundreds digit of 12/(-8) - (-6318)/4 - 2?
5
Let g = -88 - -91. Suppose 0 = -2*d + 3*j + 348, g*j - 29 + 197 = d. What is the hundreds digit of d?
1
Let u = 8 - 6. Suppose 4*m + 4 = 2*i - 20, 0 = -2*m - u*i - 6. What is the units digit of 31 - ((-3 - m) + 1)?
8
Suppose 12 = -3*p - 0. What is the tens digit of (-1)/p - 1614/(-8)?
0
Let w(q) = -q**3 + 4*q**2 + 3*q. Suppose 3*a = 3*z - 0*a, 2*a - 4 = z. Suppose 0*u = -3*u - 15, -z*h + u = -17. What is the tens digit of w(h)?
1
Let c(b) = 3*b**3 - b**2 + 1. Let d be c(1). Let a(r) = r**2 - r - 7. Let m be a(d). What is the tens digit of (5/(-4))/(m/24)?
3
Let x(w) = 4*w**2 + w - 9. Suppose 0 = -7*h - 10 - 4. Let q be (-6)/(-4 - h)*-1. What is the tens digit of x(q)?
2
What is the units digit of ((-1832)/(-6) - 1) + (-2)/6?
4
Let c = -221 - -321. What is the units digit of c?
0
Suppose -5*z + 285 = 5*p, -p - p - 5*z = -123. Suppose 2*h = 4*h - p. What is the tens digit of h?
2
Let h = -187 - -171. Let b(o) = 4*o**2 - 58*o - 42. Let n(m) = m**2 - 19*m - 14. Let l(y) = -2*b(y) + 7*n(y). What is the units digit of l(h)?
2
Let y be (-4*4/(-16))/(2 - 3). What is the hundreds digit of 1587/12 - y/(-4)?
1
Let p = 58 - -24. Suppose a - 35 - p = 0. What is the units digit of a?
7
Suppose 18*w - 38112 = -14*w. What is the tens digit of w?
9
What is the hundreds digit of ((-11)/(-33))/(3/2547)?
2
Let h be 23*(-2 + (-2 - -5)). Let z = -21 + h. Let y = 34 + z. What is the tens digit of y?
3
Suppose -289 + 2793 = 4*j. What is the hundreds digit of j?
6
Suppose -2*w - 4*d + 318 = 0, -2*d = -4*w - 3*d + 636. Let k = -87 + w. What is the units digit of k?
2
Let n(f) = -31*f - 16. Let y be n(-7). Suppose 0 = 4*r + 4*t - y - 35, -t + 1 = 0. Let o = r + -14. What is the tens digit of o?
4
Let z be 9/(-3) + 1 + 2. Suppose -2*s + 125 = -z*s + 5*k, 3*s - 3*k - 198 = 0. What is the tens digit of s?
6
Let t be 45/(-6)*(-4)/5. Let j = t + -4. What is the units digit of 3*1 - (-42)/j?
4
Let y(h) = -h**2 + 2*h + 3. Let m be y(3). Suppose m = 4*s - 34 - 18. What is the units digit of s?
3
Suppose -z - 176 - 111 = 0. What is the units digit of ((-92)/5)/(8 + z/35)?
2
Let g(a) = -309*a**3 - 7*a**2 - 12*a + 5. What is the hundreds digit of g(-2)?
4
Suppose -4*w = 3*y + 43 - 125, -4*y = 2*w - 96. Suppose -h = h - 76. Let g = h - y. What is the tens digit of g?
1
Let p = 48 - 125. Let x = p - -111. What is the tens digit of x?
3
Let z be (-66)/(-22) + (0 - 19). What is the units digit of (725/20)/((-4)/z)?
5
What is the units digit of 2475 - ((-30)/(-10))/((-6)/4)?
7
Let v(o) = o**3 + 7*o**2 + 3*o - 5. Suppose -5*s - 3*z = -0*s, 2*s = z + 11. Suppose 0*c + 21 = -3*m - s*c, 4*c + 3 = m. What is the units digit of v(m)?
0
Let v(k) = -k**3 + k**2 + 24. Let d = -30 + 30. What is the tens digit of v(d)?
2
Let q = -2 - -3. Suppose -3*r + 18 = 4*h - q, -5*h = r - 32. Let o = 0 + h. What is the units digit of o?
7
Let u(d) = -d**3 + 14*d**2 - 2*d + 6. Let t be u(12). Suppose 0 = -5*s + t + 530. Suppose 6*r - s = r. What is the tens digit of r?
3
Let o = 2876 + -1794. What is the thousands digit of o?
1
Let k(z) = z**3 + 14*z**2 + 14*z + 17. Let p be k(-13). Suppose -p*w - 38 = -5*w. What is the tens digit of w?
3
Suppose 5*s + 3*l = 3978, 5*s - 4*l - 3974 = -8*l. What is the tens 